1). What is the highest common divisor of y and j?
7
Suppose -5*r + 25 + 10 = 0, 0 = 2*j + 5*r - 59. Calculate the greatest common divisor of 19428 and j.
12
Let v = 3711 - 3561. Suppose 5*z + 5*i = 54 + 121, 2*i - 100 = -3*z. What is the greatest common factor of v and z?
30
Suppose 0 = 4*q - 5*q + 4. Suppose 5*i + 21 = 8*a - q*a, -3*a = -3*i - 18. Let y = -16 + 25. Calculate the highest common factor of a and y.
9
Suppose -3780 = -5*i + 5*c, -28*i + 3045 = -24*i + 3*c. Calculate the greatest common factor of i and 561.
33
Let k = 651 + -349. Calculate the greatest common divisor of 755 and k.
151
Suppose -584*v + 542*v + 22848 = 0. What is the highest common factor of 170 and v?
34
Suppose 138316 - 39079 = 25*g - 162538. Calculate the greatest common divisor of g and 74.
37
Suppose -2*z - q - 56 = -169, z + q - 58 = 0. Suppose 6*g + g - 223 = -4*o, -3*g + 5*o = -109. Calculate the highest common factor of z and g.
11
Let d(q) = 209*q**2 - 40*q - 526. Let i be d(-11). Calculate the highest common divisor of 93 and i.
93
Let d(u) = -2*u**3 + 10*u**2 - 2*u - 7. Let o be d(4). Suppose 18*a - 1575 = -o*a. What is the greatest common factor of 5 and a?
5
Let p = 125 - 71. Let q = -7 + 25. What is the highest common divisor of p and q?
18
Suppose -4*g + 33 = -g. Let w = -2 + g. Suppose 49*n - 23 = 1 + 25. What is the greatest common divisor of n and w?
1
Suppose -8*q = -2*q - 216. Let f be (-1)/(q/37 + -1). Let b = -17 + f. Calculate the greatest common divisor of b and 15.
5
Suppose -10*o = 2*o + 672. Let h = o + 101. Let x be (-2 + 38/4)*2. Calculate the highest common divisor of x and h.
15
Let z = 44 - 29. Suppose -z = -13*c + 115. Calculate the greatest common factor of 110 and c.
10
Let f(p) = -4*p**2 + 486*p - 167. Let t be f(121). Calculate the highest common factor of 1700 and t.
25
Suppose 3720*l = 3744*l - 2496. Calculate the highest common factor of 247 and l.
13
Let g = 3 + -2. Let b(k) = -2*k**2 + 26*k + 12. Let x be b(13). Suppose -14*a - x = -17*a. Calculate the highest common factor of g and a.
1
Suppose -30*n + 27*n - 9917 = -2*d, 5*n - 5 = 0. What is the greatest common divisor of d and 320?
160
Let d be ((-52)/(2 - 6))/((-2)/(-8)). Let v = -59 - -839. Calculate the greatest common divisor of d and v.
52
Suppose 73*t - 404368 = 1063224. What is the highest common divisor of 56 and t?
56
Let u(a) = -2*a**2 + 22*a - 12. Let j be u(10). Suppose -j*s = 7 - 15. What is the greatest common factor of s and 13?
1
Let l(m) = 1504*m - 552. Let w be l(1). Calculate the greatest common divisor of 4352 and w.
136
Let x = -2600 - -2651. Calculate the greatest common factor of x and 1581.
51
Suppose 21426 - 7346 = r. Suppose 16*d + 6*d = r. Calculate the highest common factor of 80 and d.
80
Let j be (1/2)/(1/(-38) + 0). Let f = 42 + j. Calculate the highest common divisor of f and 207.
23
Let q be (-20)/(-2) - (108/(-18) + -11915). What is the highest common divisor of 41 and q?
41
Suppose 9*z = 5*z + 4, -2*m = -3*z + 275. Let o = 160 + m. Let h(k) = -13*k - 2. Let v be h(-2). Calculate the greatest common factor of o and v.
24
Let t be 180/280*301 - (-6)/(-4). Calculate the greatest common divisor of 3168 and t.
96
Let f = 29910 - 29613. Calculate the highest common divisor of f and 45.
9
Suppose 208 = 2*i + 2*r, -2*i - 4*r = 3*i - 517. Suppose -x + 10*b = 14*b - i, b + 157 = 2*x. Calculate the greatest common factor of 27 and x.
27
Suppose -2*x + 2*u + 62 = 2*x, 2*u - 50 = -3*x. Let p be (-24)/((-35)/32 + 1). Suppose n + n = p. Calculate the highest common factor of x and n.
16
Let b be -6*(9/(-3) - -1). Let t = 6 - -17. Suppose 0 = 2*z - 59 + t. What is the highest common factor of b and z?
6
Let k = -2128 + 2282. Calculate the greatest common divisor of k and 385.
77
Let x = 197 + -32. Let r(w) = 2*w**2 + 9. Let s be r(-5). Let a = s + -26. Calculate the highest common divisor of a and x.
33
Let v(l) = 3*l**2 + 60*l - 132. Let j be v(-82). What is the greatest common factor of j and 48?
48
Let p = 260 + -256. Let k be 1416/6 - (p + -5). What is the highest common factor of 316 and k?
79
Suppose -4*n = 5*y + 435, 3*y - 2*n + 239 = -0*n. Let s = -2 - y. What is the highest common factor of 27 and s?
27
Let r be ((-10 - 2) + 5)*-1. Let m be ((-4)/10)/(6/(-30)). Suppose -2*y + r*k = 3*k - 36, 2*k + 30 = m*y. Calculate the greatest common factor of y and 3.
3
Let g(r) = 2*r + 4. Let s be g(5). Let j be 9/57 + (-1223048)/(-3496). Calculate the highest common divisor of s and j.
14
Let q(n) = n**3 - 10*n**2 + 26*n - 74. Let j be q(8). Calculate the highest common factor of j and 219.
3
Suppose 3*i = -3*s + 57, 29*i + 97 = 32*i - 5*s. Let q = -22 + 41. Let z = i - q. Calculate the greatest common factor of 10 and z.
5
Let t be (0 - 4) + (-63)/(-7). Suppose 0 = a + t*c - 34, 2*c + 4 = 4*c. Let l be (-60)/(-8) + a/16. What is the highest common divisor of 81 and l?
9
Let x(n) = 2*n + 2. Let v be x(4). Suppose -g = 4*b + 144, 0 = -3*b + 3*g + g - 89. Let r = -25 - b. What is the highest common factor of v and r?
10
Let c be 14 + -8*80/128. Let a(v) = -v**3 - 6*v**2 - 2*v - 9. Let f be a(-6). Calculate the highest common factor of c and f.
3
Suppose -5*p - 363 = c, -4*c = -0*p + 2*p + 1488. Let g = c + 397. Calculate the highest common factor of g and 138.
6
Let m(g) = -4*g**3 + 1. Let d be m(1). Let w be 832/24 + 2/d. Suppose 180*k + 1428 = 192*k. Calculate the highest common divisor of k and w.
17
Let x(j) = 3*j**2 - 11*j + 60. Let c be x(7). Let h be (8 - -4 - -1)*12. Calculate the greatest common divisor of h and c.
26
Suppose 0 = 75*n + 14*n - 6052. Calculate the greatest common divisor of n and 1394.
34
Suppose 149*b - 26242 = 6538. What is the greatest common divisor of 400 and b?
20
Suppose -3*w + 125*t = 129*t - 280, -2*w - 4*t + 196 = 0. What is the greatest common factor of 4668 and w?
12
Suppose 6253*i - 6255*i = -2*x - 74, -x - 66 = -2*i. Calculate the highest common divisor of 7366 and i.
29
Let q be (((-5940)/(-70))/22)/(18/84). Suppose -1 = m - 0. Let c be (18 - 0)/(m - -2). Calculate the greatest common factor of c and q.
18
Suppose -2*k - 3*y = -23, -4*k + 5*k + 4*y - 9 = 0. Let m(n) = 219*n - 3658. Let s be m(17). Calculate the highest common divisor of s and k.
13
Let n(z) = -z**3 + z**2 + 2*z + 4. Let h be (4 - (-245)/(-30)) + 1/6. Let t be n(h). What is the greatest common divisor of 684 and t?
76
Let u(p) = -69*p - 122. Let l be u(-2). What is the greatest common divisor of l and 17392?
16
Let q = 719 - 458. What is the greatest common divisor of 841 and q?
29
Let w(l) = -25*l**3 - 2*l**2 - 1. Let c be w(-1). Suppose -y + 59 - 10 = 0. Suppose 2*q = 127 + y. What is the greatest common divisor of q and c?
22
Let z be 4 - 20 - 1/(4 + -5). Let y be -1*(-9 + 3/(z/25)). Suppose 2*u = 7 + 63. What is the greatest common factor of u and y?
7
Let i be 84/(-7)*((-12)/8 - -2). Let j be (-8)/i - ((-2464)/(-12))/(-8). What is the greatest common factor of 36 and j?
9
Suppose 5*l - 2*q + 28 = 4, -4*l - 4*q = 8. Let v be (-13740)/(-55) + l/(-22). Suppose 5*s = 15*s - v. What is the greatest common factor of 25 and s?
25
Let z = -11060 - -11944. Calculate the greatest common factor of 78 and z.
26
Let q = 28 + -22. Let a be (q/(-4))/((-30)/800). What is the highest common factor of a and 130?
10
Let u = -32604 - -32769. Suppose 2*y = -0*y. Let d be 0 + (0 + 15 - y). Calculate the greatest common factor of u and d.
15
Suppose 8*z = 64 - 16. Suppose 51 = -z*y + 147. Calculate the highest common divisor of y and 400.
16
Let y be 884/130 - 2/(-10) - -15. Calculate the highest common divisor of 374 and y.
22
Let t(l) be the second derivative of 3*l**3/2 + 40*l**2 - 5*l + 2. Let j be t(16). Calculate the highest common divisor of 32 and j.
32
Suppose 12*r - 48 = -2*v + 7*r, -4*r = v - 18. Suppose -v*b = -28*b - 126. Let g = 90 - 27. What is the highest common factor of g and b?
21
Let v(b) = -7 - 159*b + b**3 + 157*b + 18 + 3*b**2 - 7. Let i be v(-3). What is the greatest common divisor of 530 and i?
10
Let u(p) = 3*p + 151. Let o be u(-29). Suppose -b + 218 = -5*w, -o = b + 5*w - 262. What is the highest common divisor of 78 and b?
26
Let k be 976/10*(-1990)/(-796). What is the greatest common factor of 20 and k?
4
Let f = 152 + 238. Suppose -